 + 7*z(v). Let b(n) = n - 3. Let o be b(0). Let c = 1 + o. Calculate m(c).
8
Let k(x) = -x**3 + x**2 + 2*x - 60. Let t = 8616 + -8616. Calculate k(t).
-60
Let o be (-32)/6*(-6)/4. Let a(n) be the third derivative of -n**6/120 + 7*n**5/60 + 11*n**4/24 - 2*n**3 + 482*n**2 + 1. Calculate a(o).
12
Let l = -62 + 83. Let j = 140 + -115. Let s = j - l. Let r(q) = -2*q + 2. Give r(s).
-6
Let w(s) be the first derivative of -s**2/2 + 10*s - 15. Suppose 5*k = 3*c - 9, -3 - 12 = -5*k - 5*c. Suppose -4*i + k + 20 = 0. Determine w(i).
5
Let p(z) be the third derivative of z**4/6 - 11*z**3/6 + 9*z**2. Suppose -88 - 40 = -16*o. What is p(o)?
21
Let n(k) = 17*k - 17. Let v be (222/(-42) - -5)/(2/(-7)). Give n(v).
0
Let i(m) be the second derivative of m**7/840 - m**6/72 + m**5/24 + m**4/6 + 33*m**3 + 108*m + 2. Let w(g) be the second derivative of i(g). What is w(4)?
8
Let q be (-4)/(-30) - (1160/(-300) - -6). Let d(b) = -35*b - 3. Give d(q).
67
Let r(x) be the first derivative of -2*x**2 + 32 + 5*x - 1/3*x**3. Calculate r(-4).
5
Suppose 169 = 3*l - 2*r, -l + r + 113 = l. Let d = l + -55. Let n(o) = -o**2 + 3*o - 1. Calculate n(d).
1
Let n(d) = -d**2 + d + 1. Let v(j) = -j**2 + 3*j + 3. Suppose i = 4*c - 4, 0 = -4*c + c - 5*i + 3. Let r(o) = c*v(o) - 3*n(o). Give r(-2).
8
Let k(s) be the third derivative of s**6/120 - 3*s**5/10 + s**4/3 - 4*s**3/3 + 98*s**2 - 19. What is k(17)?
-161
Let w(l) = l**3 + 5*l**2 - 4*l + 14. Let f be w(-6). Suppose -2 = -t + f*t. Let z(d) = 4*d + 13. Let o be z(t). Let i(u) = -u**2 + 5*u - 4. Give i(o).
-4
Let w be -3 + (-96)/(-28) - (-972)/84. Suppose 3*h - w*g + 14*g = -8, 3*h + 3*g + 3 = 0. Let v(x) = x**3 + 6*x**2 + x + 4. What is v(h)?
-2
Let a(z) = z**2 - 9*z + 12. Let b be (-2 - 3/6)/(12 - 325/26). What is a(b)?
-8
Let f(a) = 8*a - 2 + 1 - 4 - 7*a. Let q(y) = 19*y - 272. Let b be q(14). Determine f(b).
-11
Let l be -2*(-4)/(-3)*(255 + -252). Let o(b) = -b**3 - 11*b**2 - 27*b - 16. Calculate o(l).
8
Let w(z) = 8*z + 13. Let t(m) = -m - 1. Let l(x) = 11*t(x) + w(x). Give l(-8).
26
Suppose 312 + 16 = 4*g. Let z(r) = -3*r + 2*r + 80*r**2 - 163*r**2 + 44 + g*r**2. Give z(0).
44
Let f(a) be the third derivative of -1/6*a**3 - 1/12*a**4 + 17*a**2 - 1/15*a**6 + 0*a**5 + 0*a + 0. Give f(-1).
9
Let k be (-2 - -7)*12/(-15). Let f(a) = -3*a**2 - 18*a. Let d(n) = -4*n**2 - 24*n + 1. Suppose 5*z + 121 - 111 = 0. Let o(s) = z*d(s) + 3*f(s). Determine o(k).
6
Let j(v) be the third derivative of 0 + 1/60*v**5 + 3*v**2 + 1/24*v**4 + 1/2*v**3 + 0*v. Suppose k + 2*g + 3 = 0, 5*k + 15 = -2*g - 0*g. Determine j(k).
9
Let g(k) = 17. Let v(o) = -o - 182. Let i(a) = -11*g(a) - v(a). Calculate i(-13).
-18
Let y = -42 + 44. Let g(s) be the third derivative of s**6/720 + s**5/60 - 5*s**4/6 - 9*s**2. Let x(o) be the second derivative of g(o). Determine x(y).
4
Let u(k) = -k**3 - 3*k. Suppose 0 = -105*v - 123 - 87. What is u(v)?
14
Let i = 277 + -258. Let c(l) = -7*l + 27 + i - 65 + 18. Calculate c(-5).
34
Let i(y) = -4*y + y**2 + 16*y + 7 + y. Let d be i(11). Let k(f) = -271 - f**2 + d. Calculate k(-2).
-4
Let o(y) be the third derivative of -y**5/120 - 11*y**4/12 - 41*y**3/6 - 34*y**2. Let b(q) be the first derivative of o(q). Calculate b(0).
-22
Suppose -12 = -4*y + 4*d, -3*d + 6*d - 7 = -5*y. Suppose -n + 4 - y = 0. Let q(u) be the first derivative of 2*u**3/3 - u**2 - 2*u + 57. Give q(n).
2
Let v(x) = 0 - 1 - 24*x + 20*x. Suppose 2*w + f = -0*f - 12, 2*f = -w. Let h = w + 6. Calculate v(h).
7
Let h(q) = 5091*q + 2*q**3 - 10184*q + 5090*q - 8 - 14 - q**3 + 9*q**2. Give h(-9).
5
Let a = -28 - -30. Let u(r) = -4*r + 17. Suppose -2*f = 4*t - 6, 2*t - 14 = -2*f - 0*t. Let c(i) = 2*i - 9. Let y(j) = f*c(j) + 6*u(j). Determine y(a).
-1
Let v(q) be the first derivative of q**3/3 + 24*q**2 + 182*q - 5209. Determine v(-44).
6
Suppose 468 = 131*l - 157*l. Let v(u) = u**3 + 18*u**2 - 2*u - 27. Calculate v(l).
9
Suppose 7*z - 1776 = 107. Let g(d) = z*d + 2 - 270*d - 7. Give g(3).
-8
Let w(f) = -6*f - 6. Let t be 3*(252/27 - 10). What is w(t)?
6
Let w(u) = u**3 + 4*u**2 - 6*u - 3. Let r(x) = -6*x + 16. Let z(n) = -5*n + 17. Let f(a) = 4*r(a) - 5*z(a). Let k = -53 - -69. Let q be f(k). Give w(q).
2
Let a be (-42)/15*35/(-14). Let j(c) = 4*c - 90 + 2*c - c**2 + 89. Determine j(a).
-8
Let a(r) be the second derivative of 2*r**2 + 1/10*r**5 + 1/3*r**4 + 0 + 0*r**3 - 1/120*r**6 + r. Let y(w) be the first derivative of a(w). Determine y(7).
7
Let c be (-8 + 4)/(0 + 0 + -2). Let u(a) = -7*a + 13. Let z be u(c). Let f(y) = -931 - 6*y + y + 930. Determine f(z).
4
Let w(f) = -3*f**2 + 2 - 8*f - 4 + 2*f**2 - 2. Let t = -16378 - -16375. Calculate w(t).
11
Let z be (-2 + 0)*2/4. Let f(s) be the first derivative of 31*s**2/2 - s - 1749. Calculate f(z).
-32
Let p = 375 + -373. Suppose 2*u - 5*a - 37 = 0, 28 = 3*u - p*a - 0*a. Let q(m) = m**3 - 6*m**2 - m + 12. Give q(u).
6
Let p(u) = 5*u + 0*u + 2 + 3*u**2 - 2*u**2. Let y(w) = w**3 - 20*w**2 - 2*w + 35. Suppose -4*r + 20 + 60 = 0. Let v be y(r). Calculate p(v).
2
Let j(g) = -4*g - 2. Let r = -698 + 731. Let f be 0 - -3*(-11)/(r/2). Calculate j(f).
6
Let p(m) = 13*m - 34. Let g(t) = 8*t - 22. Let a(l) = -8*g(l) + 5*p(l). Determine a(-17).
-11
Let g(z) = -2*z + 9. Let p be g(10). Let n(v) = -v**3 + 2*v**2 - v. Let c(u) = -2*u**3 - 8*u**2 + 9*u - 12. Let f(b) = -c(b) + n(b). What is f(p)?
1
Let x = 2759 - 2757. Let l(q) = -2*q + 11. Calculate l(x).
7
Let b(d) = 7680*d**3 + 2*d + 197 - 7679*d**3 - 11*d**2 - 213. Suppose -t + 22 = t. Calculate b(t).
6
Suppose 0*g + 10*g = -240. Let k be (g/(-2))/(-5 + 3). Let t(c) = c**3 + 8*c**2 + 9*c + 8. Determine t(k).
26
Let v(i) = -i**2 - 3*i + 3. Suppose -3*z + 4*d - 20 = 0, d = 5*z - 0*d + 39. Give v(z).
-37
Suppose -4*o - 3 = -27. Let v = 2124 + -2120. Let r(d) = -7*d**2 + o*d**2 - 3 + 2*d - v*d + 6*d. Calculate r(4).
-3
Let y(o) = o + 46. Let h be y(-20). Suppose -h = -8*w + 14. Suppose 2*d = -5*c + w, -4*c = 5*d - 3*c - 1. Let q(u) = -u**2 + 7. What is q(d)?
7
Let y be 2*4/(-6)*(-27)/12. Let f(w) = 9*w + 6 - 32*w - w**y + 1 + 9*w**2 + 15*w. What is f(8)?
7
Let v(q) = 2876*q + 2876*q - 6 - 6*q**3 + 7*q**3 - 9*q**2 - 2 - 5773*q. Determine v(11).
3
Let f(l) be the third derivative of l**5/30 + l**4/4 - 2*l**3/3 - 8833*l**2 + 2*l. What is f(5)?
76
Let m(l) = -4*l**2 - 20*l + 19. Let y be m(-6). Let a(j) = -22*j - 49. Let u(t) = 16*t + 33. Let o(k) = y*a(k) - 7*u(k). What is o(6)?
2
Let f(w) = -13*w - 13*w - w**2 - 17*w - 12 + 29*w. Suppose 4*l - 5*z = -47, -3*z - 6 + 29 = -2*l. Determine f(l).
1
Let w(g) = -3*g + 2. Suppose v - 2*v + 21 = 0. Suppose 27*c = v*c + 42. Let h(r) = -r**2 + 6*r + 10. Let x be h(c). What is w(x)?
-7
Let d(v) = -2*v**2 + 19*v + 66. Let k be (-1679)/511 + 2/7. Calculate d(k).
-9
Let m(s) = -s + 7. Let n(u) = u - 14. Let q(b) = 11*m(b) + 6*n(b). Let d(i) = -2524*i + 186774. Let w be d(74). Give q(w).
3
Let q(m) = 13*m - 1. Suppose -7*g - 10*g + 35 = -22*g. Calculate q(g).
-92
Let u = 3 - 2. Let q(v) be the second derivative of -19*v + 0*v**3 - 1/12*v**4 + 0 - 1/2*v**2. Calculate q(u).
-2
Suppose -18*t + 20*t - 30 = -r, 0 = r - 0*r - 12. Let f(a) = a**2 + a. Let k(z) = -2*z**2 - 23*z + 11. Let m(h) = 4*f(h) + k(h). Calculate m(t).
2
Suppose 2*f + 5*r = 18, 3*r - 9 = -84*f + 81*f. Let d(g) = -2*g + 0*g**3 + 4*g + g**2 + g**2 + 1 - 2*g**3. Determine d(f).
3
Let j(k) = 5*k**2 - k. Let p(v) be the third derivative of v**4/12 + 7*v**3/6 + 7*v**2. Let m(y) = -3*y**2 - 16*y + 8. Let g be m(-6). Let i be p(g). Give j(i).
6
Suppose 2*y - 8 = 4*b, 5 + 7 = -3*y. Let n(a) = 4*a**2 - 12*a + 2. Let k(d) = -3*d**2 + 11*d - 2. Let o(u) = b*n(u) - 5*k(u). Let f = 6 + -13. Calculate o(f).
2
Suppose 18 = 135*r - 129*r. Let l(o) = -7 + o**2 + 18 - 4 - 6 + r*o. Give l(-7).
29
Suppose 0 = 3*n - 4*z + 13, 7*n - 13 = 8*n + 3*z. Let v be 3/n + (-477)/63. Let u(w) = w + 10. What is u(v)?
2
Let z(u) = 793*u - 69 + 789*u - 1593*u. Give z(-7).
8
Let d(i) = i**3 - 5*i**2 - 6*i - 8. Let v(u) be the first derivative of u**3/3 - u**2/2 - 6*u + 21. Let o be v(4). What is d(o)?
-8
Suppose n = 3*b + 1, -2*b + 1401 - 1341 = -5*n. Let a(r) = -2096 + 2096 - r. What is a(n)?
14
Let x = 78 + -74. Let v(g) = -x - g - 11*g + 12*g - g**2. Give v(0).
-4
Let a(m) = -8*m - 13*m**2 - 25 - 20*m + m. Let z = -1441